 the prime factors of v.
5
Let c(h) = -h**2 + 1. Let r(s) = 5*s**2 + s - 3. Let m(g) = 2*c(g) + r(g). Suppose -5*b = d + 24, 0 = -5*d - 10*b + 5*b - 20. List the prime factors of m(d).
3
Suppose -2*o = 3*t + 3*o - 132, -5*o + 15 = 0. What are the prime factors of t?
3, 13
Let p(a) = a + 9. Let v be p(7). Suppose -2*d = 2*m + 3*m - v, -3*d - 26 = -5*m. What are the prime factors of ((-3)/d)/((-12)/(-32))?
2
Let k(s) = -28*s**3 - s**2 + s + 1. Let r be k(-1). List the prime factors of r*(-1)/(-2 - -1).
3
Let x(j) = -j**2 - 6*j + 4. Let l be x(-8). Let h = -4 - l. List the prime factors of h.
2
Suppose 0 = -2*j - y + 89, -4*j - 2*y + 175 = -y. List the prime factors of j.
43
Suppose 0 = -3*c + 5*n + 28, 3*c - 16 = 4*n - 5*n. Suppose 0 = o - c*o + 10. Suppose -4*x = b - 30, 4*b - o*x - 55 = -5*x. What are the prime factors of b?
2, 5
Suppose -f = 3*p - 10, -69 = -4*f + f + 4*p. Let u(m) = m**3 - 7*m**2 - 4*m + 15. Let t be u(7). Let y = t + f. List the prime factors of y.
2, 3
Suppose 3*c = 4*v - 48, 0 = 3*v - 5*c - 4 - 21. What are the prime factors of v?
3, 5
Suppose -4*y = 12, -5*q + 6*y + 35 = y. Suppose -2*x + c = -2*c + q, -5*x - 5*c = -40. List the prime factors of x.
2
Let s be 30/(-7) - 4/(-14). Let q be (-1)/s - 14/(-8). What are the prime factors of ((-4)/3)/(q/(-12))?
2
Let n(o) = 2*o**2 - 1. Let y be n(1). Let q be 0 - (y + -51 - 1). Suppose -3*k + q = 3. List the prime factors of k.
2
Suppose -2*j - 2*s = -7*j + 2069, -s - 2 = 0. What are the prime factors of j?
7, 59
What are the prime factors of ((-6)/18)/(1/(-132))?
2, 11
Suppose 4*d + 94 = -3*x + 21, 0 = 4*d + 5*x + 79. Let a = -2 - d. List the prime factors of a.
2, 7
Suppose 0 = -2*h + 2. What are the prime factors of h - (4*-2 + 3)?
2, 3
Let o = 56 + -35. Let c be (-3 + o/9)*-3. Suppose 4*u = -c + 10. What are the prime factors of u?
2
Suppose -5*f + 2*z + 8 = 0, -f + 2*z = -5*f - 8. Suppose 27 = -2*v + 5*n, f = -0*v + v - 2*n + 13. Let h = 22 + v. List the prime factors of h.
11
Suppose -5*f = -5*x - 175, -2*f + 75 = -x - 0. What are the prime factors of f?
2, 5
Suppose 5 = -5*n - 3*s, -3*n = -4*n - 5*s - 23. Suppose b = n*b - 9. What are the prime factors of b?
3
Let k be (-1)/(7/(-3) + 2). Suppose -q = k*q - 8. What are the prime factors of q?
2
Let v = 31 - 20. List the prime factors of v.
11
Let c(v) = 6*v**2 - 2 - v**3 - 3*v**3 + 3*v**3 + 9*v. List the prime factors of c(7).
2, 3
Let y(q) = q**3 - q**2. Let p = 4 + -3. Let l(n) = 3*n**3 + n**2 - n + 1. Let m(g) = p*y(g) - l(g). What are the prime factors of m(-2)?
5
Let k(i) = i**3 - 6*i**2 - 8*i + 5. Let y be k(7). What are the prime factors of 4 - (-3 + y/(-2))?
2, 3
Suppose -57 = -6*n + 3*n. What are the prime factors of n?
19
Let k(v) = -9*v - 3. List the prime factors of k(-1).
2, 3
Let s = -5 - -1. Let n(c) = -c**2 - 4*c + 3. Let q be n(s). Suppose -j - q + 0 = -2*f, -2*j - 4*f = -26. List the prime factors of j.
5
Let b(n) = -6*n**2 - 7*n + 9. Let m(r) = r**2 - 1. Let k(p) = b(p) + 5*m(p). Suppose -v - d + 2 = d, -4*v + d = 28. List the prime factors of k(v).
2, 5
Let r = -5 - -29. What are the prime factors of r?
2, 3
Let i = 44 - 35. List the prime factors of i.
3
What are the prime factors of ((-48)/10)/((-18)/60)?
2
Suppose 2*o = 5*o. Let p be -1*(-2 - o) + -1. What are the prime factors of -3*(p + -3 - 1)?
3
Let l(r) = -6*r + 1. Let z be -4*(-3 + 26/8). List the prime factors of l(z).
7
Suppose x = -n + 37, -4*x + 4*n + 188 = -0*n. Suppose 4*l - 6 = x. List the prime factors of l.
2, 3
Let h(b) = b**3 - 6*b**2 - 7*b + 10. Let f(c) = c + 12. Let p be f(-5). List the prime factors of h(p).
2, 5
Suppose -2*d - 5*t + 175 = 0, -4*d + 252 = -d + 4*t. What are the prime factors of d?
2, 5
Let v(h) = -h**2 + h - 1. Let d be ((-2)/4)/((-1)/12). Let m(t) = t**3 + 11*t**2 - 3*t + 4. Let s(g) = d*v(g) + m(g). What are the prime factors of s(-3)?
7
Suppose 28*t - 23*t - 440 = 0. What are the prime factors of t?
2, 11
Suppose 0*z - 1 = -2*z - 5*t, 3*z + 56 = 4*t. Let c = z - -25. Suppose -29 = -2*q - c. What are the prime factors of q?
2
Let g = -8 + 12. What are the prime factors of g?
2
Let b be 2/(2 - (-60)/(-28)). Let r = -6 - b. List the prime factors of r.
2
Let o = 34 + -14. What are the prime factors of o?
2, 5
Let z(i) = i + 5. Let n be (-2)/5 + (-27)/(-5). Let f be z(n). Suppose u = -4*u + 5, 3*r + u = f. List the prime factors of r.
3
Let t = -20 - -25. Let b(o) = 10*o**2 - o + 2. Let q be b(-2). Suppose -4*l + q = -4*f, t*l - 3*f = f + 50. What are the prime factors of l?
2, 3
Let t(s) be the first derivative of s**4/4 + 2*s**3 - s**2 + s - 3. Let r be t(-6). Let o = -2 + r. What are the prime factors of o?
11
Let n(l) = 10*l - 13. List the prime factors of n(14).
127
Suppose -2*n + 0*n = -q + 51, 6 = -3*n. What are the prime factors of q?
47
Let t = 205 + -76. What are the prime factors of t?
3, 43
Let w be 1/(-4) - (-29)/4. Suppose 4*s - 55 = -w. What are the prime factors of s?
2, 3
Suppose 0*l = 7*l - 637. List the prime factors of l.
7, 13
Suppose 3*t + 0*t = -147. Let v = -33 - t. List the prime factors of v.
2
List the prime factors of (15/30)/((-2)/(-108)).
3
Suppose -4*v + 5 - 1 = 0. Let n be v + (1 - (-3 - -3)). Suppose -n*m = -2*j + 5 + 19, 0 = 3*j - 4*m - 31. What are the prime factors of j?
17
Let r = -12 - -104. What are the prime factors of r?
2, 23
Suppose 101 = 2*b - 7. List the prime factors of b.
2, 3
Let o(j) be the first derivative of j**2/2 + 9*j + 3. Let d be o(-7). Suppose 4*g - 6*g + d = 2*r, 2*g - 4*r = 8. What are the prime factors of g?
2
Suppose -28 = -5*q + 177. Let n(a) = a**2 + 42. Let u be n(0). Suppose 3*i - 2*s + s - q = 0, 4*i - u = -5*s. List the prime factors of i.
13
Let q(j) = j**2 + j + 4. Suppose -4*b + 9 = -3. List the prime factors of q(b).
2
Suppose -26 = -3*t + 91. Suppose 0 = -2*g - g + t. List the prime factors of g.
13
Let g be (-1)/(-1)*(-1 - -2). Let f be -13 - (1 - 0)*g. Let c = f - -21. What are the prime factors of c?
7
Suppose 2*p = 645 + 89. What are the prime factors of p?
367
Suppose g - 5*c - 2 = 0, -3*g + c - 1 + 7 = 0. Let p(k) = 5*k - k**3 - 4*k**g - k + 6*k**2. List the prime factors of p(3).
3
Let d(s) = 5*s**2 + 7*s + 11. Let n be d(-5). Suppose -n = -4*c + 103. List the prime factors of c.
3, 17
Let j be -9*(3 - (-10)/(-3)). Suppose j*s + 0*s - 87 = 0. Let x = s - 12. List the prime factors of x.
17
Let h = 9 - 22. Let v = 30 + h. What are the prime factors of v?
17
Let z be 7/35 - (-32)/(-10). List the prime factors of ((-5)/z)/((-9)/(-81)).
3, 5
List the prime factors of 518/18 + 2/9.
29
Let z(a) = -4*a. Let l be z(2). Let h = 8 + l. Suppose 5*g - 5*b - 131 + 46 = 0, h = 2*g - 3*b - 37. List the prime factors of g.
2, 7
Suppose 50 = y - 34. What are the prime factors of y?
2, 3, 7
Suppose 4*d + 3 = -9. Let m = 3 + d. Suppose -2*z - 3*w = -m*w - 22, -2*z = 4*w - 26. List the prime factors of z.
5
Suppose 3*n + 6 = q, 12 = -4*q + q - n. Let z(y) be the second derivative of -y**5/10 - y**4/3 - y**3/6 + 3*y**2/2 + y - 10. List the prime factors of z(q).
2, 3
Suppose -4*f - 2*a + 9 + 7 = 0, -5*f + 20 = 3*a. Suppose 4 + 132 = f*h. List the prime factors of h.
2, 17
Suppose 0 = a + 2*a + 5*y - 21, 2*a + 5*y - 19 = 0. Suppose -j - 13 = -a*n + 8, 12 = -n - 4*j. What are the prime factors of n?
2
Suppose -2*q + 14 = -q. Suppose -3*h + q = 2. What are the prime factors of h?
2
Suppose -3*h = -2 - 1. Let i = h + 4. Suppose -16 = i*o - 76. List the prime factors of o.
2, 3
Let b(t) = -t**2 - t + 2. Let y be b(-3). What are the prime factors of 17 + -11 - y/1?
2, 5
Let r(y) be the second derivative of y**3/3 - 3*y**2 + 3*y. What are the prime factors of r(5)?
2
Let i be 0/2*(-2)/(-4). Let x be 9*(i - 2/(-3)). What are the prime factors of (0 + -3)*(-10)/x?
5
Let x(h) = -h**2 - 5*h + 6. Let q be x(-5). Suppose 5 = q*n - n. Suppose -3*f - 2*s = -n, -3*s - 15 = -3. List the prime factors of f.
3
Suppose 0*n - 4 = -4*n. Suppose -2*p + 10 = 3*p. Suppose -7 = -p*u - n. What are the prime factors of u?
3
Let f(p) = p**2 + 5*p - 7. Let u be f(-6). What are the prime factors of 2 + 3 - (u + -2)?
2
Let c(t) = t - 3. Let p be c(3). Suppose 3*j = 4*b - p*j - 8, -4*b + 12 = -2*j. List the prime factors of b.
5
Suppose -204 = -2*x - 4*x. List the prime factors of x.
